{"id":23,"date":"2026-01-02T11:07:34","date_gmt":"2026-01-02T11:07:34","guid":{"rendered":"https:\/\/praxis-deiss.ch\/?page_id=23"},"modified":"2026-02-13T19:21:17","modified_gmt":"2026-02-13T19:21:17","slug":"bainvgnue-herzlich-willkommen","status":"publish","type":"page","link":"https:\/\/praxis-deiss.ch\/","title":{"rendered":"Bainvgn\u00fc &#8211; Herzlich Willkommen!"},"content":{"rendered":"\n<div style=\"height:40px\" aria-hidden=\"true\" class=\"wp-block-spacer\"><\/div>\n\n\n\n<div class=\"wp-block-media-text is-stacked-on-mobile\" style=\"grid-template-columns:20% auto\"><figure class=\"wp-block-media-text__media\"><img loading=\"lazy\" decoding=\"async\" width=\"512\" height=\"512\" src=\"https:\/\/praxis-deiss.ch\/wp-content\/uploads\/2024\/03\/cropped-cropped-Haende-rot-braun.jpg\" alt=\"\" class=\"wp-image-53 size-full\" srcset=\"https:\/\/praxis-deiss.ch\/wp-content\/uploads\/2024\/03\/cropped-cropped-Haende-rot-braun.jpg 512w, https:\/\/praxis-deiss.ch\/wp-content\/uploads\/2024\/03\/cropped-cropped-Haende-rot-braun-300x300.jpg 300w, https:\/\/praxis-deiss.ch\/wp-content\/uploads\/2024\/03\/cropped-cropped-Haende-rot-braun-150x150.jpg 150w, https:\/\/praxis-deiss.ch\/wp-content\/uploads\/2024\/03\/cropped-cropped-Haende-rot-braun-75x75.jpg 75w\" sizes=\"auto, (max-width: 512px) 100vw, 512px\" \/><\/figure><div class=\"wp-block-media-text__content\">\n<p class=\"has-black-color has-text-color has-link-color has-medium-font-size wp-elements-e607abcf4419bfacbfc9899361f83093\">Simone Deiss<br><br>Craniosacral Therapie<br>manuelle Therapie nach SICO*<br>Med. Massagen\/Naturheilkunde<\/p>\n\n\n\n<p class=\"has-black-color has-text-color has-link-color has-small-font-size wp-elements-d277a44898df00878b2ad9737b05c982\">*Swiss International College of Osteopathy<\/p>\n<\/div><\/div>\n\n\n\n<div style=\"height:25px\" aria-hidden=\"true\" class=\"wp-block-spacer\"><\/div>\n\n\n\n<div class=\"wp-block-columns is-layout-flex wp-container-core-columns-is-layout-28f84493 wp-block-columns-is-layout-flex\">\n<div class=\"wp-block-column is-layout-flow wp-block-column-is-layout-flow\">\n<div class=\"wp-block-columns is-layout-flex wp-container-core-columns-is-layout-28f84493 wp-block-columns-is-layout-flex\">\n<div class=\"wp-block-column is-vertically-aligned-center is-layout-flow wp-block-column-is-layout-flow\">\n<p class=\"has-text-align-left has-black-color has-text-color has-link-color wp-elements-47927ac995ab34e663d34ca1ad0a5cfa\" style=\"font-size:20px\"><strong>Cranio-Sacraltherapie\/Therapie n. SICO<\/strong> (60min)<\/p>\n\n\n\n<ul class=\"wp-block-list has-black-color has-text-color has-link-color wp-elements-b8ec06d76a6de6568a1d59ab2fa45a2c\">\n<li class=\"has-black-color has-text-color has-link-color wp-elements-03b7675e36cedf61a98bc567e383556b\">Cranio-Sacrale K\u00f6rpertherapie<\/li>\n\n\n\n<li class=\"has-black-color has-text-color has-link-color wp-elements-2999a0b28b4284eaefa6c5785f880413\">Ressourcenst\u00e4rkung<\/li>\n\n\n\n<li class=\"has-black-color has-text-color has-link-color wp-elements-031b6772dd927fe35690a9bc63f54ba8\">k\u00f6rperorientierte Prozessbegleitung<\/li>\n\n\n\n<li class=\"has-black-color has-text-color has-link-color wp-elements-a6e9fd411909d4e7cd9a6ed99a8c614e\">Frauenheilkunde\/Gyn\u00e4kologie<\/li>\n\n\n\n<li class=\"has-black-color has-text-color has-link-color wp-elements-e8d169d94feee3f9a3ddc2459da2ebb4\">M\u00e4nnerheilkunde<\/li>\n\n\n\n<li class=\"has-black-color has-text-color has-link-color wp-elements-d8ab4cbcb5624cc3a5761856890ed2a7\">Behandlung nach Unf\u00e4llen\/Operationen<\/li>\n\n\n\n<li class=\"has-black-color has-text-color has-link-color wp-elements-cbf1896aaa005a37a3fe1cd3915a5213\">Chronische Erkrankungen<\/li>\n\n\n\n<li class=\"has-black-color has-text-color has-link-color wp-elements-d9069fa180745178ff864837581e0d04\">Babies und Kinder<\/li>\n\n\n\n<li class=\"has-black-color has-text-color has-link-color wp-elements-855ecb8b2fa7538b71e1e86f49860998\">Begleitung Korrekturen Kiefer-\/Zahnstellung<\/li>\n\n\n\n<li class=\"has-black-color has-text-color has-link-color wp-elements-fb4bd31abde6c374cd5c776a89161020\">Neurologische Beschwerden<\/li>\n\n\n\n<li class=\"has-black-color has-text-color has-link-color wp-elements-54a6f1e4fdbffb4a0ddc1103e24fd85f\">Unterst\u00fctzung bei psychischen Belastungen<\/li>\n\n\n\n<li>Begleitung der Pers\u00f6nlichkeitsentwicklung<\/li>\n\n\n\n<li>Beschwerden organischen Ursprunges<\/li>\n\n\n\n<li>Verdauungsbeschwerden<\/li>\n\n\n\n<li>Stoffwechselbeschwerden<\/li>\n\n\n\n<li>&#8230;<\/li>\n<\/ul>\n\n\n\n<div style=\"height:24px\" aria-hidden=\"true\" class=\"wp-block-spacer\"><\/div>\n\n\n\n<p class=\"has-black-color has-text-color has-link-color wp-elements-d3e6eb02c885d51b941c067c5003bcc1\" style=\"font-size:20px\"><strong>Naturheilkunde<\/strong> (60-90min)<\/p>\n\n\n\n<ul class=\"wp-block-list has-black-color has-text-color has-link-color wp-elements-ba11c40c5fe99b6db138aa807864f8e2\">\n<li class=\"has-black-color has-text-color has-link-color wp-elements-9b12adc5f2edcff9caa75150be9b0b86\">Phytotherapie\/Spagyrik\/\u00c4terische \u00d6le<\/li>\n\n\n\n<li class=\"has-black-color has-text-color has-link-color wp-elements-020a7a044786d2ca628bac0359a19b02\">Orthomolekularmedizin (Vitalstofftherapie)<\/li>\n\n\n\n<li class=\"has-black-color has-text-color has-link-color wp-elements-a6e8ce3a52512239cf210a8f44686193\">Haarmineralanalysen\/Schwermetallausleitung<\/li>\n\n\n\n<li class=\"has-black-color has-text-color has-link-color wp-elements-aad6729d2b8174e60901759005805a75\">Ern\u00e4hrungsberatung bei Intoleranzen<\/li>\n<\/ul>\n\n\n\n<div style=\"height:24px\" aria-hidden=\"true\" class=\"wp-block-spacer\"><\/div>\n\n\n\n<p class=\"has-black-color has-text-color has-link-color wp-elements-51b3f6acbe39a5e3396d2fc19e881d8c\" style=\"font-size:20px\"><strong>Medizinisch-therapeutische Massagen<\/strong> (90min)<\/p>\n\n\n\n<ul class=\"wp-block-list\">\n<li class=\"has-black-color has-text-color has-link-color wp-elements-dab44456f04a634a5e42dcd387ec344f\">sanfte muskul\u00e4re und fasziale Tiefenentspannungsmassage<br><\/li>\n\n\n\n<li class=\"has-black-color has-text-color has-link-color wp-elements-2632250341cebd39aba8fd72b4134539\">sanfte ausgleichende Aromamassage mit \u00e4therischen \u00d6len<\/li>\n<\/ul>\n\n\n\n<div style=\"height:24px\" aria-hidden=\"true\" class=\"wp-block-spacer\"><\/div>\n\n\n\n<p class=\"has-black-color has-text-color has-link-color wp-elements-e359d0f31f81b813f287317a818834e0\" style=\"font-size:20px\"><strong>Fussreflexzonentherapie<\/strong> (60min)<\/p>\n\n\n\n<ul class=\"wp-block-list\">\n<li class=\"has-black-color has-text-color has-link-color wp-elements-401de0a1bae56ca4120b3720ffd96827\">sanfte Stimmulierung oder Sedierung (Entspannung) der Reflexzonen, Meridiane und Akupunkturpunkte der F\u00fcsse<\/li>\n<\/ul>\n\n\n\n<div style=\"height:24px\" aria-hidden=\"true\" class=\"wp-block-spacer\"><\/div>\n\n\n\n<p class=\"has-black-color has-text-color has-link-color wp-elements-e6a4c18b07625d658b88ff8958322753\" style=\"font-size:20px\"><strong>Notf\u00e4lle<\/strong><\/p>\n\n\n\n<p class=\"has-black-color has-text-color has-link-color wp-elements-49ed8422090d778b5e6866be28d45290\">Bei folgenden Situationen nehme ich mir bald m\u00f6glichst Zeit f\u00fcr Sie:<br>Einleitung Geburt, Nachbehandlung Mutter\/Kind bei schwieriger Geburt, Komplikationen in der Schwangerschaft, frische Unf\u00e4lle\/Schleudertrauma\/Hirnersch\u00fctterung\/St\u00fcrze, akuter Bandscheibenvorfall\/Hexenschuss und \u00e4hnlich gravierende akute Zust\u00e4nde auch Organe betreffende.<\/p>\n<\/div>\n<\/div>\n\n\n\n<p><\/p>\n<\/div>\n<\/div>\n\n\n\n<div style=\"height:24px\" aria-hidden=\"true\" class=\"wp-block-spacer\"><\/div>\n\n\n\n<p class=\"has-black-color has-text-color has-link-color has-medium-font-size wp-elements-df8bee4cd819f89f61c8c206eea52da2\"><strong>\u00d6ffnunszeiten<\/strong><\/p>\n\n\n\n<p class=\"has-black-color has-text-color has-link-color wp-elements-3a15ed7f7da6ecd336c03f22abaa778c\">Montag 14.30 &#8211; 18.15 Uhr<br>Dienstag 9.30 &#8211; 12.00\/15.00 &#8211; 19.30 Uhr<br>Mittwoch 14.30 &#8211; 18.15 Uhr<br>Donnerstag 9.30 -13.00 Uhr<\/p>\n\n\n\n<p class=\"has-black-color has-text-color has-link-color wp-elements-dbd4af203b2790d3f3f9948c303f0f77\">Tel: 078 837 07 09<\/p>\n\n\n\n<p class=\"has-black-color has-text-color has-link-color wp-elements-4c12a9f2d3a5f8f88dd07180aae894af\">Bitte hinterlassen Sie mir eine Sprachnachricht oder schreiben Sie mir auf Whatsapp\/sms.<\/p>\n\n\n\n<div class=\"wp-block-columns is-layout-flex wp-container-core-columns-is-layout-28f84493 wp-block-columns-is-layout-flex\">\n<div class=\"wp-block-column is-layout-flow wp-block-column-is-layout-flow\">\n<div style=\"height:19px\" aria-hidden=\"true\" class=\"wp-block-spacer\"><\/div>\n<\/div>\n<\/div>\n\n\n\n<p class=\"has-text-color has-link-color wp-elements-a47c9961842b1bdcab9b18ee5a67d8af\" style=\"color:#6e3105;font-size:20px\"><br><\/p>\n\n\n\n<p><\/p>\n","protected":false},"excerpt":{"rendered":"<p>Simone Deiss Craniosacral Therapiemanuelle Therapie nach SICO*Med. Massagen\/Naturheilkunde *Swiss International College of Osteopathy Cranio-Sacraltherapie\/Therapie n. SICO (60min) Naturheilkunde (60-90min) Medizinisch-therapeutische Massagen (90min) Fussreflexzonentherapie (60min) Notf\u00e4lle Bei folgenden Situationen nehme ich mir bald m\u00f6glichst Zeit f\u00fcr Sie:Einleitung Geburt, Nachbehandlung Mutter\/Kind bei schwieriger Geburt, Komplikationen in der Schwangerschaft, frische Unf\u00e4lle\/Schleudertrauma\/Hirnersch\u00fctterung\/St\u00fcrze, akuter Bandscheibenvorfall\/Hexenschuss und \u00e4hnlich gravierende akute Zust\u00e4nde auch Organe betreffende. \u00d6ffnunszeiten Montag 14.30 &#8211; 18.15 UhrDienstag 9.30 &#8211; 12.00\/15.00 &#8211; 19.30 UhrMittwoch 14.30 &#8211; 18.15 UhrDonnerstag 9.30 -13.00 Uhr Tel: 078 837 07 09 Bitte hinterlassen Sie mir eine Sprachnachricht oder schreiben Sie mir auf Whatsapp\/sms.<\/p>\n","protected":false},"author":1,"featured_media":0,"parent":0,"menu_order":0,"comment_status":"closed","ping_status":"closed","template":"","meta":{"footnotes":""},"class_list":["post-23","page","type-page","status-publish","hentry"],"_links":{"self":[{"href":"https:\/\/praxis-deiss.ch\/index.php\/wp-json\/wp\/v2\/pages\/23","targetHints":{"allow":["GET"]}}],"collection":[{"href":"https:\/\/praxis-deiss.ch\/index.php\/wp-json\/wp\/v2\/pages"}],"about":[{"href":"https:\/\/praxis-deiss.ch\/index.php\/wp-json\/wp\/v2\/types\/page"}],"author":[{"embeddable":true,"href":"https:\/\/praxis-deiss.ch\/index.php\/wp-json\/wp\/v2\/users\/1"}],"replies":[{"embeddable":true,"href":"https:\/\/praxis-deiss.ch\/index.php\/wp-json\/wp\/v2\/comments?post=23"}],"version-history":[{"count":32,"href":"https:\/\/praxis-deiss.ch\/index.php\/wp-json\/wp\/v2\/pages\/23\/revisions"}],"predecessor-version":[{"id":134,"href":"https:\/\/praxis-deiss.ch\/index.php\/wp-json\/wp\/v2\/pages\/23\/revisions\/134"}],"wp:attachment":[{"href":"https:\/\/praxis-deiss.ch\/index.php\/wp-json\/wp\/v2\/media?parent=23"}],"curies":[{"name":"wp","href":"https:\/\/api.w.org\/{rel}","templated":true}]}}