{"id":18,"date":"2026-01-02T11:08:05","date_gmt":"2026-01-02T11:08:05","guid":{"rendered":"https:\/\/praxis-deiss.ch\/?page_id=18"},"modified":"2026-02-13T19:39:57","modified_gmt":"2026-02-13T19:39:57","slug":"kontakt","status":"publish","type":"page","link":"https:\/\/praxis-deiss.ch\/index.php\/kontakt\/","title":{"rendered":"Kontakt"},"content":{"rendered":"\n<div style=\"height:40px\" aria-hidden=\"true\" class=\"wp-block-spacer\"><\/div>\n\n\n\n<ul class=\"wp-block-list\">\n<li class=\"has-black-color has-text-color has-link-color wp-elements-05c0b6426cc6d0f1188d2900b5faf186\" style=\"font-size:20px\"><strong>Adresse:<\/strong><br><br>Manuelle Therapie &amp; Naturheilkunde<br>Simone Deiss<br>Davo R\u00f6ven 28<br>7530 Zernez<br><br>Tel: 078 837 07 09<br>Am besten per Whatsappnachricht erreichbar.<\/li>\n<\/ul>\n\n\n\n<div style=\"height:20px\" aria-hidden=\"true\" class=\"wp-block-spacer\"><\/div>\n\n\n\n<ul class=\"wp-block-list\">\n<li class=\"has-black-color has-text-color has-link-color wp-elements-89b40a06aa3a85376d38c01f6ba1773e\" style=\"font-size:20px\"><strong>Wegbeschreibung<\/strong><br><br>Die Praxis befindet sich in der N\u00e4he des Bahnhofes, eingangs des Dorfes vom Oberengadin her kommend. Vor der Enge beim Fussg\u00e4ngerstreifen das erste Haus auf der rechten Seite. Im Haus befindet sich das Elektrogesch\u00e4ft Roner &amp; Partner.<br>Bitte beim Haupteingang des Hauses klingeln, die Praxis befindet sich im 1. OG links.<br><\/li>\n<\/ul>\n\n\n\n<div style=\"height:20px\" aria-hidden=\"true\" class=\"wp-block-spacer\"><\/div>\n\n\n\n<ul class=\"wp-block-list\">\n<li class=\"has-black-color has-text-color has-link-color wp-elements-9b6b5606be03c6ad003e298a7c2a88bd\" style=\"font-size:20px\"><strong>Auto\/Parkpl\u00e4tze<\/strong><br><br>Bitte ben\u00fctzen Sie die \u00f6ffentlichen Parkpl\u00e4tze der Gemeinde Zernez z.B. beim Bahnhof.<br><\/li>\n<\/ul>\n\n\n\n<p><\/p>\n","protected":false},"excerpt":{"rendered":"","protected":false},"author":1,"featured_media":0,"parent":0,"menu_order":0,"comment_status":"closed","ping_status":"closed","template":"","meta":{"footnotes":""},"class_list":["post-18","page","type-page","status-publish","hentry"],"_links":{"self":[{"href":"https:\/\/praxis-deiss.ch\/index.php\/wp-json\/wp\/v2\/pages\/18","targetHints":{"allow":["GET"]}}],"collection":[{"href":"https:\/\/praxis-deiss.ch\/index.php\/wp-json\/wp\/v2\/pages"}],"about":[{"href":"https:\/\/praxis-deiss.ch\/index.php\/wp-json\/wp\/v2\/types\/page"}],"author":[{"embeddable":true,"href":"https:\/\/praxis-deiss.ch\/index.php\/wp-json\/wp\/v2\/users\/1"}],"replies":[{"embeddable":true,"href":"https:\/\/praxis-deiss.ch\/index.php\/wp-json\/wp\/v2\/comments?post=18"}],"version-history":[{"count":11,"href":"https:\/\/praxis-deiss.ch\/index.php\/wp-json\/wp\/v2\/pages\/18\/revisions"}],"predecessor-version":[{"id":144,"href":"https:\/\/praxis-deiss.ch\/index.php\/wp-json\/wp\/v2\/pages\/18\/revisions\/144"}],"wp:attachment":[{"href":"https:\/\/praxis-deiss.ch\/index.php\/wp-json\/wp\/v2\/media?parent=18"}],"curies":[{"name":"wp","href":"https:\/\/api.w.org\/{rel}","templated":true}]}}